4*112*-5. Suppose 0 = 5*t + g - q. What is the tens digit of t?
4
Let f = -84 - -41. Let j(s) = -s**3 + 15*s**2 - 27*s + 27. Let u be j(13). Let d = u - f. What is the units digit of d?
7
Suppose -140*q = -137035 - 152345. What is the units digit of q?
7
Suppose 210*x - 7192745 = 75*x + 2663875. What is the hundreds digit of x?
0
Let c = 104 + -102. Let h(i) = -i**3 + 8*i + 0 + 6*i**c - 5 - 5. What is the tens digit of h(6)?
3
Let m be ((-7)/3)/(13/312). Let w = m + 63. Suppose w*p = 3*u + 3*p - 305, -4*u - 4*p = -360. What is the tens digit of u?
9
Suppose -10*o - 147761 = -13*o + 2*j, 4*o + 4*j = 197028. What is the tens digit of o?
5
Let b be (-108)/135*(-5)/2. Suppose -929 = -p + 2*y + y, 1865 = b*p + y. What is the hundreds digit of p?
9
Let v be (14/(-4))/((-7)/14). Suppose v = -2*a - 73. Let m = 69 - a. What is the hundreds digit of m?
1
What is the tens digit of (100/(-300))/(-2 - 39363/(-19683))?
8
Suppose 4957 = 14*i - 2253. What is the units digit of i/(-3)*(-9 - -6)?
5
Suppose 4*f - 113 = -2*w + 25, 0 = f - 2. Suppose -w = -6*i + 91. What is the tens digit of (i - 0) + 3 + -9 + 4?
2
Suppose 0*c + 3*c = 5*j + 5414, 1798 = c - 3*j. What is the hundreds digit of c?
8
What is the hundreds digit of (0 - -30205)*(480/(-50) - -10)?
0
What is the units digit of (-531805)/(-188) + (-6)/(-24)?
9
Let y(n) = -n**3 - 7*n**2 + 3. Let d be y(-5). What is the units digit of 2 + -5*((-4 - -8) + d)?
7
What is the units digit of (-12)/24 + (-6)/((-24)/41998)?
9
Let d = -11426 + 24346. What is the thousands digit of d?
2
What is the thousands digit of 1/(-4)*(8 - (-3 + 8 - -28919))?
7
Let q(j) = -6*j**3 - j**2 - 3*j + 27. What is the tens digit of q(-8)?
5
Let r = -3663 + 4658. What is the hundreds digit of r?
9
What is the units digit of (148905/(-90))/((-9)/120)?
0
What is the hundreds digit of (4 + 1970/(-25))/((-39)/7215)?
8
Let f be 532/(-76) + 27*3. Suppose -303 = m - 4*m. Let i = m - f. What is the tens digit of i?
2
Let y(p) = p**2 + 15*p + 33. Let x be y(-12). What is the tens digit of x - (-158 + (2 - 7))?
6
Let g be (3 - -36)/(6/12). Suppose 3*o = -3*k - 126, -5*k + 3*k - 198 = 5*o. Let r = o + g. What is the tens digit of r?
4
Let h = 6247 - 814. What is the tens digit of h?
3
Suppose w = 4*m + 4964, -5*w + 2468 = -2*m - w. Let f = -878 - m. What is the hundreds digit of f?
3
Let r be (-1)/3 + (-5892)/36. Let a = r + 110. What is the units digit of (-5682)/a + 3 - 6/27?
8
Let a = 1620 + 604. What is the tens digit of a?
2
Let k(a) be the third derivative of -19*a**4/8 - 25*a**3/3 + 52*a**2. What is the units digit of k(-12)?
4
Let u be -3*((-25)/(-15) + -1) - -5. What is the hundreds digit of u*13242/108 - (-2)/12?
3
Suppose -2*i - 8 = -2*g, -g + 2*i = -22 + 18. Let w(b) = 19*b**2 - 6*b - 3. What is the tens digit of w(g)?
7
Suppose -7516 = -5*p + 2*c + 4184, -5*c = -4*p + 9377. Suppose q + 295 = p. What is the thousands digit of q?
2
Let a be (-705)/30*18*2. Let n = -319 - a. Suppose 145 = 3*f - n. What is the tens digit of f?
2
Suppose 4*o = 5*o - i - 10, o - 3*i - 18 = 0. What is the units digit of o/1*(2 - (-12 + 10))?
4
Suppose -2*u - 47698 = -4*f, 43*f + 47699 = 47*f - u. What is the hundreds digit of f?
9
Let p = -8582 - -12507. What is the thousands digit of p?
3
What is the tens digit of ((-875)/(-10))/(-5)*-98?
1
Let n be 7/((-21)/(-18)) + (-10)/(-5). Suppose n*t = 7*t. Suppose t = -p + 20 + 65. What is the units digit of p?
5
Let v(r) = 19*r - 37. Let j = 22 - 27. Let o(q) = 28*q - 56. Let i(p) = j*o(p) + 7*v(p). What is the units digit of i(-9)?
4
Let g = 40 + -24. Let w = -14 + g. Suppose 66 = d - 4*p, w*d - p = 3*p + 140. What is the units digit of d?
4
Let j be 17/(425/60) - (-6)/10. Suppose 0 + j = -3*q, 0 = -n - q + 53. Let f = n + -18. What is the units digit of f?
6
Let f be (-6)/12 + ((-102)/(-4))/3. What is the tens digit of (-16 + (3 - 7))*(-86)/f?
1
Let a(k) = k - 23. Let u(c) = 11. Let f(p) = -2*a(p) - 5*u(p). Let v(d) = -d. Let r(m) = f(m) + 6*v(m). What is the hundreds digit of r(-15)?
1
Let g(w) = 8*w + 55. Let t be g(-5). Let s(z) = -z**3 + 19*z**2 - 9*z + 10. What is the units digit of s(t)?
5
Let b = 2113 - 3371. Let j = 2505 + b. What is the units digit of j?
7
Suppose 45 = -3*l - 0*l + 3*r, 2*l + r = -39. Let m(q) = q**3 + 9*q**2 + 22*q - 16. Let d be m(l). What is the hundreds digit of (2/(-4))/(13/d)?
1
Let y(x) = -x**3 - 6*x**2 - 5. Let t be y(-4). Let h = t - -40. Suppose 0 = -h*q - 3*a + 27, -2*q + 4*a + 2 = 14. What is the units digit of q?
4
Let h(u) = -208*u + 1114. What is the hundreds digit of h(-43)?
0
Let f(j) = 56328*j**2 + 256*j - 254. What is the hundreds digit of f(1)?
3
Suppose 11*i - 7*i - 16 = 3*g, -3*i = 3*g - 12. Suppose f - 4 = -1. Suppose 4*r = i*a - 96, -f*a - 2*r - 1 = -73. What is the units digit of a?
4
Let w(z) be the first derivative of 26*z**2 - 17*z + 208. What is the units digit of w(17)?
7
Suppose -184511 = 63*d - 713193 - 927626. What is the tens digit of d?
1
Suppose -13*x + 126532 = 4*x - 12953. What is the tens digit of x?
0
Suppose 2*f = -4*o + 56184 - 10078, -4*f - 2*o = -92236. What is the ten thousands digit of f?
2
Let b(d) = -349*d**2 + d + 3. Let i be b(2). Let s = -800 - i. What is the hundreds digit of s?
5
Suppose 0 = 3*p - 2*r + 9560, -r - 12758 = 4*p + 2*r. Let o = -1871 - p. What is the tens digit of o?
1
Suppose -5*f + 427*a = 422*a - 76490, 4*a = -5*f + 76499. What is the units digit of f?
9
Suppose 1628*k - 1599*k - 190385 = 0. What is the thousands digit of k?
6
Let k = 53 - 47. Suppose -k*j + 2880 = 6*j. Suppose 239*b = j*b - 117. What is the tens digit of b?
1
Let o = 4022 - 1067. Let n = -1515 + o. What is the hundreds digit of n?
4
Let c = 6715 - 186. What is the units digit of c?
9
Let x(n) = -4 - 8*n + 10*n - 6 + 3*n. Let h be x(-5). Let o = -10 - h. What is the units digit of o?
5
Let d(f) = 68*f - 7*f - 37 - 174*f - 92*f. What is the thousands digit of d(-8)?
1
Let d(m) = 10*m + 100. Let s be d(-10). Suppose 4*k + s*k = 776. What is the hundreds digit of k?
1
Suppose -152 - 409 = 11*s. Suppose -3*n = 2*n - 480. Let y = n - s. What is the hundreds digit of y?
1
Suppose -30*o - 33240 = 46*o - 153852. What is the hundreds digit of o?
5
Let u = -57 + 56. Let r be (-6)/(-12) - u/(-2). Suppose r*a = -6*a + 408. What is the units digit of a?
8
Let a(u) = 7*u**2 + 57*u + 6249. What is the units digit of a(-58)?
1
Let c(i) = -7*i. Let x(h) = -5*h**2 + 4. Let y be x(2). What is the units digit of c(y)?
2
Let r(k) be the first derivative of k**4/4 - 2*k**3 - 4*k**2 - 13*k - 5. Let j be r(8). Suppose -2*u - 4*c = -j - 3, u - 24 = -c. What is the units digit of u?
1
Let b(n) = -25*n + 33. Suppose 19 = -4*r + 35. Suppose -t + 7 = 2*v + r*t, v + 2*t - 1 = 0. What is the units digit of b(v)?
8
Let j be 519/9 - (-1)/3*1. Let p = j - -88. Let d = 222 - p. What is the units digit of d?
6
What is the thousands digit of 430/((6/(-18))/((-62)/(-366)) + 2)?
3
Let g = 62 + -27. Suppose -140 = -k - 5*p + g, -2*k - p = -314. What is the units digit of k?
5
Let z(h) = -h**3 + 16*h**2 - 26*h - 25. Let x be z(14). Suppose -x*v + 4*v = 4*s + 347, -20 = -5*s. What is the tens digit of v?
6
Let i(y) = y**3 + 17*y**2 - 41*y - 16. Let n be i(-19). Suppose s + n + 198 = 0. Let v = -114 - s. What is the units digit of v?
5
Let a be (0 + (-12)/16)/((-2)/8). Let o be a/(-21) + (-20)/7. What is the hundreds digit of 460/o*(-48)/40?
1
Let x(k) = 6*k**2 + 7*k + 30. Let a = -85 + 74. What is the hundreds digit of x(a)?
6
What is the tens digit of 2*(-56221)/(-12) + 21/(-126)?
7
Suppose 0 = -0*z - 10*z + 110. Let x = 110 - 106. Suppose x*q + 903 = z*q. What is the tens digit of q?
2
Let k(n) be the third derivative of n**5/60 + 9*n**3/2 + 9*n**2. Let a be k(0). What is the tens digit of a/(-2)*(-5 + -3)?
0
Let h(i) = 45*i**2 - 116*i - 725. What is the ten thousands digit of h(-31)?
4
Suppose -19*s + 4320 = -s. Let h = 907 - s. What is the tens digit of h?
6
Suppose -2*t = t - w - 24, t - 5*w + 6 = 0. Let p(r) = 4*r**2 - 8*r - 15. Let g be p(t). Suppose -45 - g = -2*u. What is the hundreds digit of u?
1
What is the units digit of (30/2)/((-105)/(-42)) - 14*-84?
2
Suppose -4*a = -0*a + 180. Let b = a - -247. Suppose 5*p - 366 = 4*m, -4*p - 2*m = -p - b. What is the tens digit of p?
7
Su